e remainder when v(1) is divided by l.
17
Suppose -50 = -x - 5*m, -4*x - m + 128 = m. Let l = 134 - 124. Calculate the remainder when 28/l*x/4 is divided by 8.
5
Let l(x) = -x**3 - 18 - 6*x + 18*x + 27 + 11*x**2. Suppose 168 = 3*p - 5*j, 110 = 2*p - 0*p - 4*j. Calculate the remainder when p is divided by l(12).
7
Let d = -140 + 189. Calculate the remainder when d is divided by (-1)/(-2)*(2 - -24).
10
Suppose -64 = -0*w - 4*w. Let d = -259 - -305. What is the remainder when d is divided by w?
14
Let g = 60 + -58. Suppose 3*m + g - 14 = 0. Let h(o) = o + 22. What is the remainder when h(0) is divided by m?
2
Let d(z) = 16*z**2 - 2*z + 6. Let o be d(2). Suppose 4*h - b = -3*b + o, 0 = h + 5*b - 21. What is the remainder when 40 is divided by h?
8
Suppose 2 = -o - 2*i + 10, -4*o - 5*i = -35. Suppose 8 = o*s - 8*s. What is the remainder when 12 is divided by s?
0
Let d be (-77)/(-2) + 12/(-24). Let s be -65*(-3)/(-3 - -6). Let h = s - d. Calculate the remainder when h is divided by 7.
6
Suppose 0 = 3*f + 2*k + 14, f + 2*k - 1 + 7 = 0. Let m be (40/30)/(f/30). Let y = m + 21. What is the remainder when 42 is divided by y?
9
Let s(x) = x - 2. Calculate the remainder when 40/25*15/(-6) - -55 is divided by s(8).
3
Suppose -4*a + 144 = -4*f, -5*a - 69 + 173 = -3*f. Let p = f - -49. Suppose -x + 12 = 3*x. Calculate the remainder when p is divided by x.
2
Let c be (-1)/2 - (-7)/((-28)/(-10)). Suppose -3*x + 70 = c*t, -5*t + 3*t + 38 = -5*x. Calculate the remainder when t is divided by 15.
14
Let h(s) = -s + 11. Let g be h(10). Let o(f) = 35*f - 1. Calculate the remainder when 66 is divided by o(g).
32
Let h(c) = 2*c**3 - 36*c**2 - 23*c - 31. Calculate the remainder when h(19) is divided by 64.
62
What is the remainder when 75 is divided by (1 - (14 + -8))*-3?
0
What is the remainder when 47 is divided by -1*(-6)/15 + (-234)/(-15)?
15
What is the remainder when ((-4)/2 - (2 + -6)) + 43 is divided by (3 - (-52)/(-20))*40?
13
Let a = -31 - -33. What is the remainder when 102 is divided by (-60 + 15)*a/(-6)?
12
Suppose 4*x + 4*f - 12 = 0, -4*f + 7 = 3*x + f. Suppose -u + 552 = x*i, 7*u - 2*u = -3*i + 414. What is the remainder when i is divided by 14?
12
Suppose 22*k + 133 = 29*k. Suppose -2*p + 1 = 9. Let i = 8 + p. What is the remainder when k is divided by i?
3
Let u(q) be the first derivative of -113*q**4/4 - 5*q**2/2 - 6*q + 3. What is the remainder when u(-1) is divided by 29?
25
Suppose 6*k = 11*k - 505. Suppose 0 = -3*v + k + 43. Calculate the remainder when 71 is divided by (v/(-32))/(2/(-24)).
17
Suppose u + 3 = 2*u, 4*i - 3*u + 9 = 0. Suppose i = 4*s - 15 - 25. What is the remainder when 26 is divided by s?
6
Suppose -r = -d + 2*r + 6, 0 = 3*r. Let i(u) = -u**3 - 27*u**2 - 144*u + 155. Calculate the remainder when d is divided by i(-19).
0
Let i(a) = -a**3 - 3*a**2 + 8*a + 9. Let c be i(-4). What is the remainder when 11 is divided by (56/98)/((-1)/c)?
3
Let w(m) = 20*m + 157. Calculate the remainder when 30 is divided by w(-7).
13
Let s(l) = -13*l - 6. Let j(v) = v + 1. Let d be (2/(-4))/((-4)/(-32)). Let n(a) = d*j(a) - s(a). Calculate the remainder when 36 is divided by n(2).
16
Let g be (-3)/2*(-14)/3. Suppose -5*o - 55 = -5*n, 2*n - 10 = -0*n - 4*o. Calculate the remainder when -1 - -3 - (1*-24 - g) is divided by n.
6
Suppose 107 = 4*k + 11. Suppose 2*n - r = 20, 0*r + r - 20 = -2*n. What is the remainder when n is divided by 138/k + (-1)/(-4)?
4
Let b = 924 + -814. Calculate the remainder when b is divided by 3.
2
Let c(x) = 4 + x + 2*x**2 + 5 - 4*x - 3. Let n(p) = p**3 + 8*p**2 + 4*p - 6. Calculate the remainder when c(4) is divided by n(-7).
11
Let r(f) = -8*f + 74. What is the remainder when 35 is divided by r(7)?
17
Let x be (53 + 8)/(1/(-2)). Let k = -76 - x. What is the remainder when k is divided by 13?
7
Suppose -3*w - 125 = -h - 4*w, 0 = -4*h + 4*w + 484. Calculate the remainder when h is divided by 21.
18
Suppose 27 = 2*p - f, p - 6 = -f - 0. What is the remainder when p is divided by 8?
3
Suppose -2*p + 3*t + 18 = 2*p, -10 = -4*p - t. Suppose 38*l + 8*l = -23*l + 207. What is the remainder when p is divided by l?
0
Let f = -7 + 11. Suppose 2*j - 4*j = -f*k - 110, j + k - 40 = 0. Calculate the remainder when 15 is divided by (-3)/2 + j/6.
3
Let d = 24 - 23. Let s be (0 - d)/(12/(-36)). Let u = 35 + s. Calculate the remainder when u is divided by 13.
12
Let w = -2 - -6. Suppose -3*d + 31 = w*r, 3*r - d = -2*d + 22. Let o = 110 + -108. What is the remainder when r is divided by o?
1
Suppose 0 = -2*x + 85 + 15. Calculate the remainder when x is divided by 13/(-1 - 0 - -2).
11
Let a(k) = -87*k + 479. What is the remainder when 144 is divided by a(5)?
12
Suppose 0 = 2*u + 3*b - 262, -5*u - 95*b + 674 = -97*b. Calculate the remainder when 535 is divided by u.
133
What is the remainder when (6 + 405/(-30))/((-3)/18) is divided by 74/6 - (-1)/(-3)?
9
Suppose -141 + 0 = -3*x. Suppose 144 = -107*b + 116*b. What is the remainder when x is divided by b?
15
Suppose -4*x = -3*x - 23. Let j = -25 - -114. What is the remainder when j is divided by x?
20
Let x(n) be the second derivative of -n**4/12 + 5*n**3/6 + 5*n**2 - 3*n. What is the remainder when 32 is divided by x(3)?
0
Let d(i) = i - 7. Let o be d(3). Let f = 9 + o. Suppose 51 = 11*b - 147. What is the remainder when b is divided by f?
3
Suppose -162*z = -156*z - 558. Calculate the remainder when 834 is divided by z.
90
Suppose 6*x + 160 - 28 = 0. Suppose -k - 8 = -5*t, 4*k = k - 4*t - 5. Let a = k - x. What is the remainder when a is divided by 7?
5
Let p(o) = -1 + 1 + 3*o. Suppose -i = 4*c + 8, -5*c - 12 = 2*i - 5. What is the remainder when 22 is divided by p(i)?
10
Let w(m) = -m + 3. Suppose n = 4*n. Suppose -4*p + p + 2*k - 8 = 0, -4*p - 3*k - 22 = n. Calculate the remainder when w(p) is divided by 3.
1
Calculate the remainder when 521 is divided by 72/(-15)*3920/(-147).
9
Let w(q) = -q - 3. Suppose u = -2*n - 12 - 4, 3 = -n - 3*u. Let f be w(n). Let k = 39 - f. Calculate the remainder when k is divided by 17.
16
Let v = -42 - -71. Let g = v - 4. Calculate the remainder when g is divided by (-6)/9*39/(-2).
12
Let y = 71 - 68. Suppose y*v = -2*v + 270. What is the remainder when 157 is divided by v?
49
Let m(x) = x**3 - 21*x**2 + 6*x - 2. Calculate the remainder when m(21) is divided by 25.
24
Suppose -z - 4 = -2*z. Suppose -3*t + z*t - 18 = 0. Calculate the remainder when 52 is divided by t.
16
Let h = 713 - 686. Calculate the remainder when 535 is divided by h.
22
Suppose -22*u = -28*u + 84. What is the remainder when 91 is divided by u?
7
Let h = 339 + -336. Calculate the remainder when 12 is divided by h.
0
Suppose -3*z = 721 + 269. Suppose -3*k + 20 = 4*p - 10, -2*p + k + 10 = 0. What is the remainder when (2/(-6))/(11/z) is divided by p?
4
Let w(y) = -y**3 - 5*y**2 + 7*y + 10. Calculate the remainder when (6/7)/((5/(-14))/(-5)) is divided by w(-6).
0
Let j be 1 + -4 + 1 + -37. Let m = 54 + j. What is the remainder when 86 is divided by m?
11
Calculate the remainder when -1 + (1 - 34)*-2 is divided by (-9 + 3 - -4)/(6/(-57)).
8
Let z(w) = 6*w - 9*w + 5*w + 15. Let d be z(-7). Calculate the remainder when ((-768)/60)/(d/(-5)) is divided by 17.
13
Suppose 0 = -4*w + 5*x + 148 - 45, -5*w + 4*x + 122 = 0. What is the remainder when ((-4)/(-24)*w)/(1/39) is divided by 24?
23
Let n be (-2)/11 + 3/(-22)*-16. Suppose -n*y - 4*u - 1 = -13, 3*u = -y + 4. What is the remainder when y is divided by 4?
2
Suppose -572*i = -581*i + 198. Calculate the remainder when 394 is divided by i.
20
Suppose -2*a + 2*q = -7*a, 4*a - 2*q = 0. Suppose a = -6*y + 69 + 21. Let i = -19 - -28. What is the remainder when y is divided by i?
6
Let x = -9 + 11. Suppose 197 = 5*w + 57. What is the remainder when (x - 0) + (1 - -80) is divided by w?
27
Let u(z) = 43*z - 13. Let t be u(5). Suppose 383 + t = -5*r. Calculate the remainder when 54 is divided by (-18)/r - 180/(-13).
12
Suppose 2*m = -0 + 16. Calculate the remainder when m is divided by (-5)/(-1) + 0 - (-4)/(-1).
0
Suppose 2*v - 6*i + 11*i - 422 = 0, -2*v - 2*i = -422. Calculate the remainder when v is divided by 65.
16
Suppose -4*x - x = 0. Suppose x = 2*v - 7*v + 75. Let g(c) = 4*c + 7. What is the remainder when g(5) is divided by v?
12
Let f = 30 - 5.